 l(a).
10
Let o be (3 + -5)/(0 + -2). Let l(h) = 2 - h**3 - h**2 - h**2 - o + 1. What is l(-2)?
2
Let g(b) = b**2 + 5*b + 6. Let h(x) = -7*x. Let d(s) = s. Let w(v) = 6*d(v) + h(v). Let l be w(3). Let t be l - -2 - 3 - 0. What is g(t)?
2
Let q(t) = 6*t**2 - 2*t - 13. Let f(c) = c**2 + c - 1. Let b(u) = -5*f(u) + q(u). Give b(7).
-8
Let w(x) = -x**2 + 6*x + 4. Suppose 5*o - 4*z = -8*z + 38, 0 = -5*o - z + 32. Determine w(o).
4
Let d(q) = -q - 11. Let x(c) = c**3 + c**2 - 3*c - 2. Let k be x(-2). Determine d(k).
-11
Let f(a) = -14 + 2*a + 19 - 6 - 3*a. Calculate f(-4).
3
Suppose 3*r + 21 = -3*h, 0 = 3*r - 8*r + 5*h - 25. Let u(q) = 2*q + 15. Let z(s) = -s - 8. Let j(v) = r*u(v) - 11*z(v). Determine j(-4).
2
Let w(r) = r**3 - 3*r + 1. Let z be w(2). Let s(x) = 2 - 1 + x - z + 1. Give s(4).
3
Let v(w) = -w**2 + 5*w + 9. Let c be v(6). Let a(i) = -i + 2. Determine a(c).
-1
Let p(k) = k**3 + 28*k**2 + 26*k**2 - 5 + 0*k**3 - 50*k**2. Determine p(-4).
-5
Let f(m) = -m**3 + 1. Let x(u) = 5*u**3 + u**2 - u - 9. Let r(y) = 6*f(y) + x(y). Give r(0).
-3
Let g(z) be the second derivative of z**3/6 - 2*z**2 + 2*z. Let c be (-1)/(-1 + (-12)/(-15)). Determine g(c).
1
Let m(a) = -19*a + 2*a**2 - 2*a**2 + 32 + 5*a**2 + 0*a. Let w(c) = -c**2 + 5*c - 8. Let n(h) = 2*m(h) + 9*w(h). Calculate n(-6).
-14
Let u(z) = -z**2 - 2. Let l be 4/3*(-9)/2. Let p = l + 3. Let r = 3 + p. Determine u(r).
-2
Suppose 2 = -3*y - 1, 0 = 2*d + 4*y. Let z(f) = -f**2 + 4*f. Determine z(d).
4
Let r(d) = d + 5. Let o be r(-7). Let t(h) = h + 1. Let l(w) = w**2 - 6*w - 7. Let v(c) = o*t(c) - l(c). Let j = 2 + 2. What is v(j)?
5
Let r(g) = -3*g + 10. Let w(d) = 2*d - 7. Let a(k) = -5*r(k) - 8*w(k). Let m(h) = -h**3 + 3*h**2 + h + 3. Let u be m(3). What is a(u)?
0
Let g(l) be the third derivative of l**4/12 + 7*l**3/6 - 6*l**2. Determine g(-5).
-3
Let p(f) = -f - 6. Suppose -9*y - 1 = 44. Determine p(y).
-1
Let m = -17 + 27. Let z(v) = v - 13. What is z(m)?
-3
Let z be 4*(2 - (-84)/(-16)). Let p = -20 - z. Let w(x) = x**3 + 8*x**2 + 8*x + 8. Give w(p).
1
Suppose -7*g = -3*g. Let a(d) = d + 6 - 5 + 6. What is a(g)?
7
Let t be (-4)/(-5)*5/(-1). Let v(g) = 15*g + 23. Let r(u) = -8*u - 12. Let w(d) = 2*d**2 - 4*d. Let z be w(3). Let l(y) = z*v(y) + 11*r(y). What is l(t)?
-2
Let n(r) be the third derivative of 5*r**4/24 - r**3/2 + r**2. Let p be (60/(-8))/(6/8). Let o be ((-20)/(-25))/((-4)/p). Determine n(o).
7
Let o(s) = s**3 + 8*s**2 + 7*s + 3. Let r = -28 + 21. Calculate o(r).
3
Suppose 35 + 1 = d. Suppose d = -0*k + 3*k. Let w = -8 + k. Let i(h) = -h**2 + 2*h + 5. Give i(w).
-3
Suppose 4*l = 5*v + 13, 4*l + 5*v + 39 = 2. Let h(k) = k**3 + 4*k**2 + 3*k + 2. Let n be h(l). Suppose n*x - 5 = -1. Let c(q) = q**2 - 3*q + 1. Determine c(x).
-1
Let g(p) = 1 - 7*p + 8*p - p**2 - 4. Calculate g(0).
-3
Let a(j) be the second derivative of j**3/3 + j**2/2 - 4*j. Let r = -75 + 70. Give a(r).
-9
Let k = -14 - -13. Let q(l) = -12*l**3 + l**2 - 1. What is q(k)?
12
Let o(b) = 2*b**3 - 2*b**2 + 3*b - 1. Suppose -7 - 1 = -g - 3*w, -3*g + 2*w + 2 = 0. Give o(g).
13
Let u be 1/(-3) - 14/(-6). Suppose 3*w + 10 + u = 0. Let d(i) be the first derivative of i**2 - i - 1. Calculate d(w).
-9
Let c = 8 + -6. Suppose -c*p - 2 = 6. Let t(l) = 3*l**3 - 15*l**2 - 5*l - 1. Let i(a) = -4*a**3 + 22*a**2 + 8*a + 1. Let o(b) = 5*i(b) + 7*t(b). Give o(p).
-6
Let o(p) = p + 7. Let k be o(-7). Let x(j) = 1 - 5*j + 4*j + k. Let m(v) = -v**2 - 5*v + 6. Let t be m(-6). Give x(t).
1
Let o(n) = -n**3 + 4*n**2 - n. Let b = 14 - 11. Determine o(b).
6
Suppose 2*z + 4 = -0. Let t(j) = -2*j + 4*j**2 - 3*j**2 + 4*j + 2. Calculate t(z).
2
Let z(q) = 1 + q + q**2 + q**3 + 0*q - 3*q**2 + 0*q**2. Suppose 0 = -3*a + 1 + 5. Calculate z(a).
3
Let b(x) = 9*x + 9. Let i(t) = -t - 1. Let m(w) = w - 3. Let a be m(15). Let g(f) = a*i(f) + b(f). What is g(-2)?
3
Let p(c) = c**2 + 5*c - 5. Let y(x) = -2 + 1 + 0*x - 1 + 2*x. Let j be y(4). Let a = -11 + j. What is p(a)?
-5
Let i be (1 - (1 + -1))/(-1). Let q(b) be the first derivative of 7*b**3/3 - b - 39. Give q(i).
6
Let g be 6/(-8) - 21/4. Let z(u) = 7*u**2 + 10*u + 8. Let m(k) = -k**2 - k - 1. Let i(v) = g*m(v) - z(v). What is i(-3)?
1
Let x(b) = -b**3 + 3*b - 1. Let a(z) = z**3 - z**2 - 4*z + 3. Let o be a(2). Let q be 2 - ((-2)/2)/o. Let i = q - -1. Give x(i).
-3
Let p(c) = 4*c - 4. Let x(s) = 7*s - 7. Let y = 12 - 6. Let v(h) = y*x(h) - 10*p(h). Determine v(4).
6
Let a(m) = 2*m**2 + m. Let k be a(1). Suppose 0 = -5*o + 2*o + 2*q - k, -4 = 4*o - 3*q. Let c(x) = 10*x**2 + x + 1. What is c(o)?
10
Let a(s) be the third derivative of s**4/12 - 4*s**2. Determine a(-2).
-4
Let w(g) = g**3 + g**2 + g - 9. Let j(s) = -s**3 + s**2 + 2*s. Let h be j(-1). Calculate w(h).
-9
Let v(i) = -2*i - 12. Let u be v(-9). Let k(l) = l**2 - 5*l - 4. What is k(u)?
2
Let t(s) be the second derivative of -s**4/12 - 5*s**3/3 - 3*s**2 + 19*s. What is t(-7)?
15
Let k(b) = -4*b - 4. Let o(h) = -5*h - 4. Let j(s) = 6*k(s) - 5*o(s). Let r be j(6). Let a(u) = -4*u + 3 - 1 - u**r + 0*u**2. Give a(-4).
2
Suppose 3*r + 10 = -2*r. Let q(o) = -4*o - 2. Determine q(r).
6
Let x(c) = 7*c**3 - 2*c + 1. Let o = 3 + -2. What is x(o)?
6
Suppose p - 2 = 5*x - 3, -5 = 5*p. Let m(z) = -2 + 3*z - 5 + 1 - 4*z - z**3. Calculate m(x).
-6
Let g(x) = x**3 + 2*x**2 - 2*x - 4. Suppose 7*t = 2*t + 3*m - 12, -5 = t + 2*m. Let f be g(t). Let u(p) = p + 10. Calculate u(f).
3
Let x = 14 - 8. Let g(f) = f**2 - 8*f - 3. Give g(x).
-15
Suppose 0 = l + 4*t + 11, 0*l = 5*l - 5*t - 45. Let d = 12 + -17. Let v = d + l. Let f(z) = -z**3 - z**2 - z - 6. Give f(v).
-6
Let n(d) = 5*d**3 - d**2 + 4*d + 7. Let m(g) = -4*g**3 + 2*g**2 - 3*g - 6. Let j(t) = 3*m(t) + 2*n(t). Calculate j(3).
-25
Let v(m) = 3*m + 7. Let q(b) = 2*b - 7. Let h be q(5). Suppose 0 = -h*k - 2*z - 14, 5*k = -2*z - z - 24. What is v(k)?
-11
Suppose -o + 5*l = 23, -2*l - l = -o - 13. Let m(q) = -o + 2 + 0 + q**2 + 1. What is m(0)?
1
Let h(o) be the second derivative of o**4/12 + 5*o**3/6 - o**2/2 - 15*o. Give h(-4).
-5
Let f(s) = -5*s + s**2 + 2 + 1 + 1. Let m = -208 - -213. What is f(m)?
4
Let f(q) be the third derivative of q**8/6720 - q**7/2520 - q**6/144 + q**5/40 + 7*q**4/24 + 4*q**2. Let p(o) be the second derivative of f(o). Calculate p(3).
6
Let u(p) = -6 - 4*p + p**2 + 12 + 5*p. Suppose -4*s + 4 = 4*a, 0 = 3*s - 3. Determine u(a).
6
Let x(c) = -c**3 - 6*c**2 + 8*c + 5. Suppose 0 = -3*q + 3*i - 9, 0 = -q - 3*q + i - 24. Give x(q).
-2
Suppose -4*c + 23 = -3*t + 120, 4*c = 4*t - 128. Let y(f) = -16 - 31*f + f**2 + t*f. Give y(0).
-16
Suppose 2 + 7 = 3*k. Let b(d) = 2*d**2 - d - 4. Calculate b(k).
11
Let l(g) = -2*g + 10. Let d be l(5). Let b be (d + 0)*(-7)/(-14). Let n(v) = v - 12. What is n(b)?
-12
Let a(x) = x**3 + 5*x**2 + 2*x + 6. Let d be a(-4). Let o = 23 - d. Let u be (o/6 - 2)*-6. Let g(n) = -n**2 + n + 3. What is g(u)?
-3
Let u be 1 - -2 - 2*1. Let h(a) = 5*a + 1. Calculate h(u).
6
Let l(z) = 3*z - 2 - 13 + 0*z. Let u be l(6). Let b(c) = -c**3 + 2*c**2 + 3*c - 1. Calculate b(u).
-1
Suppose 4 = 24*a - 25*a. Let k(j) = j - 4. Give k(a).
-8
Let o(p) be the first derivative of -1 - 1/4*p**4 - 7*p + 1/2*p**2 - 1/3*p**3. Let h(x) = x**3 + 3*x**2 + x - 2. Let t be h(-2). Calculate o(t).
-7
Suppose 3*a + 16 = -4*z + a, 0 = -z + 3*a + 10. Let v(x) = 3*x - 1. Determine v(z).
-7
Let g(h) = -h**2 - h - 1. Suppose 1 - 2 = b. Let y(p) = 4*p**2 + 8*p + 7. Let x(n) = b*y(n) - 5*g(n). What is x(2)?
-4
Let h(t) = t**2 + 8*t + 2. Suppose -3*c + 8 = -4*c. Calculate h(c).
2
Let z = 0 - -3. Let y = -6 - -17. Suppose -2*o - b - 13 = 0, b + y - z = -o. Let k(x) = -2*x - 2. Determine k(o).
8
Let k(r) = 5*r**3 + 2*r + 4. Let w(l) = 1. Let m(x) = -k(x) + 3*w(x). Calculate m(-1).
6
Let r(s) = s**2 + 4*s - 1. Suppose -5*p - 12 = 4*j + 7, -3*p - 37 = -4*j. Let h = 5 + p. Determine r(h).
-5
Let q(z) = 1 + z - 7*z**2 + 5*z**2 - 5*z**2. Determine q(-1).
-7
Suppose 4 = -2*s - 0. Let d(j) = j**3 - 6*j**2 + 4*j. Let i be d(5). Let p(g) = -g + 1. Let r(y) = -7*y + 2. Let a(x) = i*p(x) + r(x). What is a(s)?
1
Let g(d) = -d**3 - 4*d**2 - d. Let n = 141 + -86. Suppose 0 = 5*a - 0*j + 5*j - n, -5*j = -3*a + 49. Suppose 5*f + 4*m = -24, -3*f - 4*m - a = 3. Give g(f).
4
Let j be 2/4*-2*0. Let z(m) = -m**3 + 7 + 5*m**2 + m*